n + 3. Let t = -225 + 186. Let g(p) = p**3 + 39*p**2 + 2*p + 70. Let w be g(t). Calculate q(w).
-1
Let o(g) = -g**3 + 13*g**2 + 14*g - 1. Suppose -118*m = -116*m + 4. Let f be 2 + m + -4 + 20 + -2. What is o(f)?
-1
Let y(q) = -19*q - 31. Let h(p) = -12*p - 20. Let w(l) = -7*h(l) + 5*y(l). What is w(14)?
-169
Let g(m) be the third derivative of m**6/120 - m**5/10 + m**4/6 - 5*m**3/6 - 20*m**2. Let c be g(3). Let i = c + 24. Let f(t) = -t + 2. Give f(i).
-2
Suppose 760*b - 828*b = -1428. Let k(a) = -6*a + 137. Determine k(b).
11
Let w be (-14)/(-35) + 68/5. Let y = 13 - w. Let o be 5/2*(-1 + y). Let k(l) = l**3 + 4*l**2 - 2*l + 3. Calculate k(o).
-12
Let z(s) = 8*s + 1. Let q(i) = -14*i - 36. Let d be q(-4). Suppose -d*h = -25*h + 10. What is z(h)?
17
Let v be ((-10)/(-6))/((-115)/(-138)). Let a(g) = 11*g - 353 + 349 + 7*g**2 + g**3 - 3*g + 3*g**v. What is a(-9)?
5
Let h = -329 - -332. Let n(a) = 100*a**3 - 7*a**2 - 99*a**h + 5*a - 13 + 4*a. Determine n(6).
5
Suppose 342*c = 341*c + 3. Suppose -4*g - 20 = 0, 3*z + 7*g - c*g + 41 = 0. Let i(a) = 5*a - 8. Give i(z).
-43
Let i(b) = -19*b**3 - 14*b + 59. Let g(j) = 35*j**3 - j**2 + 28*j - 117. Let s(o) = -6*g(o) - 11*i(o). Calculate s(5).
8
Let b(h) = 5*h**3 - 3*h**2 - 30646 - 4*h**3 + 30630 + 8*h. Give b(4).
32
Let n(y) = -21*y + 42. Let f be n(2). Let o(g) = -g - 2. Let t(x) = -3*x + 1. Let i(v) = 4*o(v) - t(v). Give i(f).
-9
Let l(j) = 22 + 2*j - 10 + 0 - 13. Let p(n) = n + 6. Let z(i) = -l(i) - p(i). Give z(0).
-5
Let y(o) = -2*o**2 + o - 1. Let p = -467 + 464. Let b(l) = -4*l**2 - 4*l + 3. Let u(v) = p*y(v) + b(v). Calculate u(6).
36
Let i be (-172)/(-36) - (2244/(-324) - -7)*-3. Let z(k) = -2*k**3 + 9*k**2 + 9*k - 11. Calculate z(i).
9
Let k(a) = -a**3 + 9*a**2 + 7*a - 29. Let f be k(9). Suppose 0 = 14*s + 3*s - f. Let j(u) be the second derivative of 7*u**3/6 - 3*u**2/2 + 2*u. What is j(s)?
11
Let t = -101 - -68. Let s = t + 36. Suppose -4*o = y - 46 + 13, -5 = -o + s*y. Let a(x) = -x**3 + 9*x**2 - 5*x - 4. Give a(o).
20
Let x(y) = 12*y - 53. Let s(o) = -51*o + 217. Let n(h) = 5*s(h) + 21*x(h). Calculate n(-15).
17
Let z be 33/(-6) - (-1)/2. Let h(g) = g**3 + 2*g**2 + g**2 + 3 - 44975*g - 12 + 8 + 44969*g. Give h(z).
-21
Let k(o) = 7*o + 13. Let u(y) = 9*y + 19. Let f(a) = 4*k(a) - 3*u(a). What is f(6)?
1
Suppose 0 = -11*g + 33 + 33. Let w(x) = -x**3 + 4*x**2 - 4*x**2 + 3*x**2 - 10 + g*x**2 + 2*x. Give w(9).
8
Let u be 16968/840 + 1/(-10)*2. Let d(q) = q**3 - 19*q**2 - 21*q + 21. Give d(u).
1
Let c(k) = -18*k - 129. Let j be 1*((-1)/10 + (-2553)/370). What is c(j)?
-3
Let v(o) = 5 - 8*o + 45 + 12 - 11 - 13. What is v(9)?
-34
Let y(n) = -52358*n + 26182*n + 115 + 26183*n. Determine y(-16).
3
Let q be 10/(-2)*7/70*-6. Let k(u) = -31*u**q + 15*u**2 + 4*u - 9*u**2 + 1 + 32*u**3. What is k(-5)?
6
Suppose -3*j - 114 = -3*f - 126, -3*j - 12 = 0. Let n(c) = -2*c**2 - 7*c. Give n(f).
-72
Suppose -4*j = -16*j - 8*j + 120. Let a(b) be the third derivative of -b**5/60 + b**4/6 - 4*b**3/3 - b**2. What is a(j)?
-20
Suppose -32629*u + 32636*u = 266. Let f(m) = m**3 - 38*m**2 + m - 31. What is f(u)?
7
Let f(i) = -i - 4. Let n = 203 + -179. Suppose -5*r + n = h, 4*r + 4*h = 9*h + 25. Calculate f(r).
-9
Let g(d) = -7*d + 6. Let v(m) = 17*m - 8. Let o(l) = -6*l + 3. Let u(q) = 11*o(q) + 4*v(q). Let s(y) = g(y) - 6*u(y). What is s(2)?
-38
Let r(s) = s**3 + 46*s**2 + 29*s - 717. Let p be r(-45). Let u(x) be the first derivative of -9 + x + 7/2*x**2 - 1/3*x**p. What is u(8)?
-7
Let c(y) = 80*y**2 - 5*y - 11. Let i(q) be the third derivative of -4*q**5/15 + q**4/24 + q**3/3 - 12*q**2. Let b(d) = 2*c(d) + 11*i(d). Calculate b(1).
-15
Suppose -4*t + 112 = 12*k, 5*t + 4*k - 63 = 55. Let a(s) = -3*s + 33. Give a(t).
-33
Let o(x) = 109 - 19*x - 3*x + 51*x - 9*x. What is o(-6)?
-11
Let a(x) = -x**3 - 24*x**2 - 25*x - 45. Let q = -154 - -131. Let u be a(q). Let y(r) = -25*r**2 + r. Calculate y(u).
-24
Let t(s) = -380 + 2*s - s**3 + 5*s - 3*s**2 + 392. Determine t(-5).
27
Let b(s) = -13*s. Let m = -4536 + 4534. Give b(m).
26
Let g(k) = -85*k + 196. Let b(y) = 53*y - 125. Let v(a) = 8*b(a) + 5*g(a). Determine v(-17).
-3
Let c(s) = 40*s**2 - 7 + 11 + s - 41*s**2 - 5*s. Let a(i) = 3*i**2 + 13*i - 12. Let m(p) = 2*a(p) + 7*c(p). Suppose 0 = b + 3*b + 16. Determine m(b).
-4
Suppose -2*n = -t - 3, t + 2*n = n - 3. Let a = 640 + -638. Let c(i) = 10*i + 0 - i + a - 3*i + 0*i. What is c(t)?
-16
Let n = -2012 - -2009. Let x(s) = s**3 + 5*s**2 + 7*s - 1. What is x(n)?
-4
Let j(n) = -n - 4. Let u = 50 - 35. Let y be u - (-1 + 6/2 - -2). Suppose i = -i - k - y, -3*k + 11 = -5*i. Give j(i).
0
Let p be 5 + ((-77)/22 - (-2)/4). Let s(b) = -62*b**2 - 14*b - 7. Let m(i) = -32*i**2 - 6*i - 3. Let c(t) = p*s(t) - 5*m(t). Determine c(-1).
35
Let s(t) = -t**2 - 8*t + 5. Let a = -91 + 96. Let g(k) = 13*k - 62. Let c be g(a). Suppose -5*y - 17 = 2*u, 11 = -c*y + u - 8. Calculate s(y).
20
Let o(h) = 3*h**2 + 50*h + 25. Let y be ((-16)/3 + 4*(-6)/(-4))*-24. Give o(y).
-7
Let c(r) be the first derivative of 0*r**2 + r**2 + 2*r + 9 + 0 + 3. Let d = 0 + 5. Give c(d).
12
Let g(k) = 5*k**2 + 134 + 4*k**2 - 115 + 138*k - k**3 - 275*k + 142*k. Give g(10).
-31
Suppose -4*o - n - 103 = 104, 68 = -o + 3*n. Let b = o - -60. Let f(r) = 6*r - 5. Determine f(b).
37
Suppose v = 4*z + 4 + 2, 0 = -2*z + 2. Let h(c) = 5 + v - 7*c + 10*c - 4. What is h(-9)?
-16
Let g(l) = -l**2 - 3*l. Let m(h) be the first derivative of -1/2*h**2 + 3*h + 1. Let p be m(6). Calculate g(p).
0
Let p(x) = -2*x - 1 - 2*x - 1 - 1 - 3*x**2 + x**3. Let b be (-20)/(-8)*3*8/6. Let k be ((-8)/(-7))/(b/35). Determine p(k).
-3
Let f(s) = -81 - 9*s**2 + 1 - 4*s - 5*s**2 + 15*s**2. Calculate f(11).
-3
Let a(c) = c**3 + 5*c**2 - c. Let j be 0 - (9/(-4) - (-5)/20). Suppose 2*z - r - j*r = -13, -25 = 4*z - 5*r. Give a(z).
5
Suppose -3*v = -0 - 63. Let y be (7/v)/(((-10)/138)/(-5)). Suppose y = 3*n + 11. Let s(u) = u**2 - 3*u - 2. Give s(n).
2
Let z be (-8)/12 - 5944/(-24). Let w = z + -251. Let p(x) = -7*x**2 - 12*x - 17. Let q(u) = 11*u**2 + 18*u + 26. Let k(n) = -8*p(n) - 5*q(n). What is k(w)?
-2
Let o(r) = 127*r + 240. Let b be o(-2). Let t(w) = w**2 + 18*w + 14. Determine t(b).
-42
Let k(z) be the second derivative of -5/6*z**3 + 0 + 20*z + 5/2*z**2 + 1/12*z**4. Let j(b) = 3*b**2 - 11*b + 11. Let d(g) = -2*j(g) + 5*k(g). Determine d(2).
-7
Suppose 0*i = -4*i + 48. Suppose -10*a = -i*a. Let v(j) be the first derivative of j**2/2 + 12*j - 12. Determine v(a).
12
Suppose s + 2 = 5*j + 75, -j - 53 = -s. Let c(o) = -o**3 + 47*o**2 + 45*o + 155. What is c(s)?
11
Suppose 7*h - 12*h + 155 = 0. Suppose l - 2*y + h = 0, 0 = -2*l + l + y - 28. Let m = l - -26. Let w(j) = 9*j**2 + 1. Calculate w(m).
10
Let f(m) be the third derivative of 0 - 1/24*m**4 + 3/10*m**5 + 189*m**2 + 0*m**3 + 0*m. Suppose -2*l - 6 + 4 = 0. Calculate f(l).
19
Let s be (3/2)/((-6)/(-16)). Suppose 0 = s*r - 16, 3*i - 5*r + 25 = -2*i. Let m(h) = 10*h - 5. Let k(l) = l - 1. Let z(d) = 6*k(d) - m(d). What is z(i)?
3
Let y(z) be the second derivative of -z**6/120 + z**5/10 + z**4/12 + 15*z**2/2 - 23*z. Let i(f) be the first derivative of y(f). Give i(6).
12
Let k(y) = 20*y**2 + 48*y + 7. Let r(b) = 12*b**2 + 27*b + 4. Let m(w) = 4*k(w) - 7*r(w). What is m(2)?
-10
Let s(w) = w**2 - 8*w - 6. Suppose -5*t + 7 - 2 = 0, 0 = -q + 2*t - 83. Let a be 9/(q/(-36)) - (0 + -4). Determine s(a).
-6
Suppose 0 = 10*j - 5166 + 5206. Let x(a) = -a + 19. Determine x(j).
23
Suppose -2*t = m - 2, -2*t = -4*t + 4*m + 22. Let b(q) be the first derivative of 1/4*q**4 - 2*q + 3/2*q**2 - 2*q**3 + 29. Determine b(t).
-20
Let p = 118 + -108. Suppose -30 = p*a - 0. Let l(u) = -u - 4. What is l(a)?
-1
Suppose -2*x + 16 = -4*k + 2*k, x = -2*k - 22. Let c(l) = l**2 + 12*l + 22. Let o be c(k). Let r(w) = 278 - 278 + o*w. Determine r(3).
6
Let r(o) = -o**2 + 12*o + 6. Suppose -4*h + 38 = 5*m - 0*m, m = 4*h - 2. Let x be r(m). Let j(n) = -n - x + 24 + 19. Calculate j(-4).
5
Let x(k) = -39*k + 21*k - 169*k**3 - 1 + 18*k + 170*k**3. Determine x(-2).
-9
Let m(k) = -13*k**2 - 65*k + 5. Let v be -5*1/(((-6)/(-2))/3). Let g be m(v). Let u(p) = 4 + 6*p - 4 + 4*p**2 - 1 - p**3. Determine u(g).
4
Let m(w) = w**3 + 4*w**2 + 2*w - 8. Let d(x) = -1. Let j(n) = -4*d(n) + m(n). Let r(s